(-468)/(-162))/(3/(-736587))?
7
Suppose q = 1 - 61. Let b = 113 + q. Let p = b + 45. What is the units digit of p?
8
Let y be (-306)/(-39) - (-4)/26. Suppose -3219 = 3*c - y*c + z, -3*z = 4*c - 2579. What is the units digit of c?
4
Let l(s) = 484*s**2 - 36*s - 79. What is the units digit of l(-9)?
9
Let t be ((-3)/6)/(-1) + (-6183)/(-6). Suppose 0 = -4*o + 16, -3*h = 2*h - o - t. What is the units digit of h?
7
Let q(k) = 199*k + 2017. What is the units digit of q(25)?
2
Let t = -14960 - -15796. What is the tens digit of t?
3
Suppose -g + 27*s + 15488 = 20*s, -5*g + 2*s = -77572. What is the units digit of g?
6
Suppose 3*q - 100685 = -2*s, -s - 3*q = -2*s + 50365. What is the tens digit of s?
5
Suppose -3*o = i - 430 - 197, -2*i = 4*o - 1254. Let d = -231 + i. What is the units digit of d?
6
Let p(g) = 64*g + 89. Suppose 0 = -4*w - 4, 5*w - 3 = 4*l + 20. Let f(t) = -21*t - 30. Let n(c) = l*f(c) - 2*p(c). What is the units digit of n(10)?
2
Suppose 0 = 4058*r - 4065*r + 44569. What is the hundreds digit of r?
3
Suppose -24*k - o + 7990 = -23*k, 3*k + 4*o - 23973 = 0. What is the hundreds digit of k?
9
Let o(u) = -u**3 + u**2 - 24*u + 197. What is the units digit of o(-31)?
3
Let s = 90 + -88. Let h(z) = 4 - 3 + 4*z**2 - 11*z - 6*z - 5*z**s. What is the tens digit of h(-9)?
7
Let z be 58/(45/66 - (-2)/(-4)). Suppose x + 3*o = z + 11, 0 = -3*x + o + 1000. What is the units digit of x?
3
Suppose -2*a + 0*a + 6 = 0. Suppose -g = 4*b + 54, 5*g - a*b + 170 = -215. Let q = g + 81. What is the units digit of q?
7
Suppose 3488*w - 3477*w = 34870. What is the thousands digit of w?
3
Let h(p) be the second derivative of -26*p**3/3 + 9*p**2 - 6*p + 2. What is the tens digit of h(-9)?
8
Suppose 4*q - 832 = -4*s, -q = 3*q - 20. Let a be (4 - 3) + 4/2. Suppose -3*i + 287 = 2*y, s = -a*i - 3*y + 494. What is the tens digit of i?
9
Suppose -16*b = 5*o - 19*b - 29, 12 = -4*b. Suppose -4*s = o*x - 2332, -5*s - 2*x + 2186 = -744. What is the units digit of s?
8
Suppose -25220 = -4*f + 2*o, 3*f = 18*o - 16*o + 18914. What is the units digit of f?
6
Let v(s) = 6*s + s**3 - 35449*s**2 - 2*s**3 - 9 + 35449*s**2. What is the hundreds digit of v(-8)?
4
Let w(u) = 16*u**2 - 8*u + 4. Let y be -3 + 24*(-4)/(-8). Let r be ((-72)/32)/(y/(-12)). What is the hundreds digit of w(r)?
1
Let a = -23 - -36. Let m(z) = 18*z + 56. What is the tens digit of m(a)?
9
Let l(s) = 4*s**2 + 8*s - 4. Let q be (36/42)/(5/(-35)). What is the units digit of l(q)?
2
Suppose -7 + 16 = 3*l. Let z(x) = -6*x**2 - x - 6. Let s be z(l). Let w = 142 + s. What is the tens digit of w?
7
Let v = 18 - 27. Let f be (-1 + 15 + 1)/((-8)/16). What is the units digit of v*(f/(-9) - 3) - -109?
6
Let f = 5431 + -1261. What is the hundreds digit of f?
1
Let y(s) = 10*s**2 + 8*s + 21. Let j be y(4). Let c = 1243 - j. What is the tens digit of c?
3
Let j = -90 - -790. Suppose -j*o + 701*o = 247. What is the hundreds digit of o?
2
Let a = 920 - 928. What is the units digit of 19 - (18/a + 21/(-28))?
2
Let o = 113 + -105. Suppose 0 = -f + o. Suppose 2*z = f*z - 768. What is the units digit of z?
8
Let a(p) = -23*p**3 - 3*p**2 - 26*p - 130. What is the tens digit of a(-5)?
0
Suppose -39 = -5*l - 5*a - 144, l + 30 = -4*a. Let f be (-29)/4 + l/(-72). Let s(b) = -3*b + 3. What is the units digit of s(f)?
4
Let m(c) = 40*c**2 - 13*c + 7. Let p be m(5). Suppose -10*x - 62 = -p. Suppose -5*y + 32 = -x. What is the units digit of y?
4
Let k(r) = 1217*r**2 - 11*r - 5*r - r - 380*r**2 - 2 + 7*r. What is the units digit of k(1)?
5
Suppose 73*y - 1086909 = 477164 + 691846. What is the hundreds digit of y?
9
Let c(q) = -10*q - 152. Let t be c(-19). Suppose 0 = t*v - 22*v - 5520. What is the hundreds digit of v?
3
Suppose 56 = -20*w + 256. Suppose -t + w = -11. Suppose -13*i + 294 = t. What is the tens digit of i?
2
Let v(u) = 191*u**2 + 108*u + 572. What is the hundreds digit of v(-5)?
8
Suppose 30*n - 19*n = 30*n - 73606. What is the thousands digit of n?
3
Suppose -r + h + 7 = 0, 2*r - 13 - 6 = 3*h. Suppose -854 = -4*v + 3*y, 0*y = -2*v + r*y + 426. What is the units digit of v?
5
Suppose -5*x - 6*r + 2*r + 9 = 0, x = 4*r + 21. Suppose x*y + l - 746 = 0, 5*y - 86 - 676 = 3*l. What is the hundreds digit of y?
1
Suppose 7*d + 18*d - 100 = 0. Suppose -2*z - d*v = -77 - 121, -3*z + 303 = 3*v. What is the tens digit of z?
0
Let o = -3634 + 14386. What is the thousands digit of o?
0
Let g = 58 + -56. Let j(n) = 4*n**2 - g*n + 19*n + n**2 + 5. What is the units digit of j(-7)?
1
Suppose -2675 = 5*a - 7535. Let n = 1427 - a. What is the tens digit of n?
5
Let m(k) = -8*k - 325. Let r(y) = -4. Let f(v) = -m(v) + 5*r(v). What is the units digit of f(37)?
1
Let t = -4739 + 9152. What is the units digit of t?
3
Suppose 0 = -m + s - 71, 0 = -4*m - 3*s + s - 290. Let q = 58 - 137. Let t = m - q. What is the units digit of t?
7
Suppose -5*u + 6380 = 5*u. Suppose 780 = 4*n - t, -5*n - t + u = -337. Suppose 2*d = 4*r + 220, -n = -5*d - 5*r + 385. What is the tens digit of d?
1
What is the tens digit of (14/(-10))/((-22476)/(-11240) - 2)?
3
Suppose -3*m = 13*m - 84272. What is the hundreds digit of m?
2
Suppose -2*x + 960 = -5*t - x, 3*x = 4*t + 768. Let l = t - -269. Let n = l + -37. What is the units digit of n?
0
Let i = 83 + -75. Let x = i - 10. What is the units digit of 199 - (3 - x - 5)?
9
What is the tens digit of ((-4 - 11) + 96608)/7?
9
Let m(a) = 4189*a - 1354. What is the tens digit of m(3)?
1
Let o(i) = 15*i**2. Let k be o(-1). Let m(q) = 4*q - 50. Let b be m(k). Suppose -2*r = -b, -r - 745 = -5*v + 2*r. What is the units digit of v?
2
What is the units digit of (13 + 14 - 23)*1174*2?
2
Let g = 267 + -264. What is the tens digit of 0 - (-1)/g - 157783/(-249)?
3
Let t be ((-9)/(-3) - 5) + 531. Suppose a + 3*x - t - 257 = 0, -4*a + 5*x = -3059. What is the units digit of a?
1
Let t be (-1)/(-8 - -1) - (-656)/112. Suppose t*n - 16 = 4*n. Suppose 452 = -4*y + n*y. What is the hundreds digit of y?
1
Let f(h) = -7*h**2 - 30*h - 6. Let p(j) = -3*j**2 - 15*j - 3. Let x(u) = 2*f(u) - 5*p(u). Let n be x(-14). Let b = 108 - n. What is the units digit of b?
9
Suppose 0 = -130*v + 135*v + 135. Let c = 34 + v. Let z(q) = -q**2 + 27*q + 5. What is the tens digit of z(c)?
4
Suppose 0*r - 14721 = -21*r. Let n = 14 + r. What is the tens digit of n?
1
Let f(i) = -i**2 + 3*i + 7. Let p be 4 + (0 - -2) + 6/(-3). Let o be f(p). Suppose -2*k = -o*u + 307, -3*k - k + 396 = 4*u. What is the units digit of u?
1
What is the units digit of -5 + (-68)/102*3474/(-4)?
4
What is the thousands digit of 8628 + (-2)/((50/35)/5)?
8
Let d(p) = -36*p - 2. Let w(u) = u. Let l(q) = -d(q) - 10*w(q). Let b be l(1). Suppose 2*g - 86 = b. What is the tens digit of g?
5
Suppose -2*f - 3*c - c + 50 = 0, 5*c = 2*f - 95. What is the units digit of 7/f - 11/5 - -548?
6
Suppose -2*d - 95245 = -7*c, -c + 8410 + 5195 = -d. What is the units digit of c?
7
What is the hundreds digit of (11 - -1)*(-482632)/(-138)?
9
Let m(i) = -2072*i + 5607. What is the thousands digit of m(-14)?
4
Let d = -13 - -17. Suppose 0 = d*c + c + 40. Let l = c + 60. What is the units digit of l?
2
Suppose 22*g + 19*g - 1862980 = 6*g. What is the hundreds digit of g?
2
What is the units digit of (-18)/((-18)/1273) - (0 + -6)?
9
Suppose -7*m = -2*c + 102053, 3*c = -2*m - 84510 + 237502. What is the ten thousands digit of c?
5
Suppose -14*w = -55*w + 28*w + 220662. What is the hundreds digit of w?
9
Suppose -10*o + 12645 = -36375. What is the hundreds digit of o?
9
Let n be ((-6)/7 - -1) + 215/(-35). Let s(t) = -t**3 - 5*t**2 + 7*t + 6. Let i be s(n). Suppose -p = 4*o - 15, -p + i - 1 = -4*o. What is the units digit of p?
7
Let k be (-9)/(2*15/(-3760)). Suppose k = -7*q + 9*q. What is the units digit of (15/45)/(2*2/q)?
7
Suppose 3*l + 3*d = 3330, 0 = -4*d + d - 9. Suppose -l - 77 = -2*g - 4*j, -4*g = 2*j - 2362. What is the hundreds digit of g?
5
Let f(p) = 79525*p**3 - 2*p**2 - 200*p + 201. What is the thousands digit of f(1)?
9
What is the units digit of 8/((-64)/(-134)) + -16 - (-309781)/4?
6
Let s = 155 + -158. What is the hundreds digit of ((-36)/(-27))/(1/s) + 124?
1
Suppose -111*g - 302906 = 50*g - 821648. What is the units digit of g?
2
Let v = 132 - 220. Let o = v - -152. What is the tens digit of o